5
Suppose 10 = 5*s, 19 - 15 = j - 4*s. Calculate the highest common divisor of 138 and j.
6
Suppose 2*a - 2510 = -0*a - 5*b, 5*b = -20. Calculate the highest common factor of a and 110.
55
Let w be (2*(-7)/(-6))/((-97)/(-2619)). What is the greatest common divisor of w and 91?
7
Suppose 0 = -50*v + 48*v + 6. What is the highest common factor of 15 and v?
3
Suppose 1 = -5*v + 16. Suppose 797 = -5*i + 842. Calculate the highest common factor of v and i.
3
Let u(v) = -v**2 - 11*v - 25. Let f be u(-8). Let y be (2 - -2 - (f - -2))*13. What is the highest common divisor of 429 and y?
39
Let m(o) = 2*o**3 - o**2 + 4*o - 1. Let c be m(2). Suppose h + 2*u = c, h + 2*u - 5*u = 4. Calculate the highest common divisor of 13 and h.
13
Let o be 2 + 2*(-6)/18*-3. What is the highest common divisor of o and 38?
2
Let z(k) = 325*k**2 - 4*k + 4. Let t be z(1). What is the highest common divisor of 100 and t?
25
Let w(a) = -a**2 - 20*a + 21. Let z be w(-19). Calculate the greatest common factor of 520 and z.
40
Let a be (-8)/44 - 5292/(-66). What is the highest common divisor of a and 32?
16
Suppose 5*c + r - 290 = -4*r, -3*c - 4*r + 174 = 0. Calculate the greatest common divisor of 145 and c.
29
Let b(y) = -y**2 - y + 12. Let d be b(-4). Suppose d = -5*u - 3*k + 449, -k - 693 + 236 = -5*u. What is the highest common divisor of u and 26?
13
Let t be 2/3 - (-154)/21. Let m(y) = y**3 - 2*y**2 - y - 3. Let b be m(3). Suppose 4*h - b = h. Calculate the highest common factor of h and t.
1
Suppose -3122*g + 1170 = -3116*g. What is the highest common divisor of g and 156?
39
Let a = 1451 - 1383. What is the highest common divisor of 238 and a?
34
Let d be (-17)/((-17)/6) + 99. Calculate the greatest common divisor of d and 30.
15
Let a = -20 - -20. Suppose a = -30*o + 26*o + 20. Let x(d) = -26*d - 1. Let v be x(-1). Calculate the greatest common factor of o and v.
5
Suppose 175 = 4*l + t, 4*t - 7*t - 120 = -3*l. What is the highest common factor of 387 and l?
43
Suppose -5*y + 4*y + 110 = 0. Suppose 12 = z + 6. Suppose -z*h + 8*h = 20. Calculate the highest common factor of h and y.
10
Suppose 2*g - 3*g - 4*z + 23 = 0, 4*g = -3*z + 53. Let o(a) = a**3 + 7*a**2 - 4*a + 33. Let t be o(-8). Calculate the highest common factor of t and g.
1
Let d be 1 + (-135)/117 - 56/(-26). Suppose 61 - 55 = d*h. Suppose 0*u + 2*u = 2*o - 66, 3*o - 99 = 4*u. Calculate the highest common factor of o and h.
3
Suppose 1620 = -2*i + 7*i. Suppose -i = -0*m - 3*m. What is the greatest common divisor of 12 and m?
12
Let i(r) = -2*r**3 + 2*r**2 + 8*r - 17. Let w be i(-5). What is the greatest common factor of 135 and w?
27
Let z = 22 + -26. Let y be 3/(-6) + (-34)/z. Let m be 258/4 - 6/12. What is the greatest common factor of m and y?
8
Suppose 3*b + 3*b = 120. Calculate the greatest common divisor of b and 15.
5
Suppose 539 - 493 = d. Calculate the highest common divisor of 69 and d.
23
Suppose 198 - 3 = 5*q. Let u(h) = h**2 + 5*h + 4. Let g be u(0). Suppose 2*z = g*z - 156. Calculate the highest common divisor of q and z.
39
Suppose w + 102 = -2*j, 4*j + 5*w + 33 = -171. Let y = 31 - j. Let b = 177 - y. What is the greatest common factor of b and 38?
19
Let w be ((-4)/(-6))/(4/66). Suppose 0 = 2*r + 2*l - 46, 5*l + w = r + r. Suppose -50 = 10*g - 70. Calculate the highest common divisor of g and r.
2
Let d(w) = -w**2 + 14. Let i be d(0). Let m be 2/7*7 + -1 + 1. Suppose m*c - 560 = -3*c. Calculate the highest common factor of c and i.
14
Suppose -5*k + 33 = -y, -8*k + 4*k = -4*y - 20. Let a = 28 - k. Let r = -168 + 252. What is the highest common factor of r and a?
21
Let m = -851 + 853. What is the greatest common divisor of 122 and m?
2
Suppose 4*v - 5*a = -279, 3 + 2 = -5*a. Let h = v + 100. Let r be 206 - ((50/(-5) - -5) + 8). What is the greatest common divisor of h and r?
29
Let a(h) = 10*h - 6. Let z be a(1). Let r be 2/z*(-11)/((-11)/10). Calculate the highest common factor of 15 and r.
5
Suppose 3*f - 27 = -v + 2*f, 93 = 4*v - f. What is the highest common factor of v and 30?
6
Suppose -51*p = -48*p + 4*t - 916, 1521 = 5*p + t. What is the greatest common factor of 247 and p?
19
Let p(f) = -f**3 - f**2 - f + 4. Let y be 2*(4 - 2) - 1. Suppose -3*d = y*d + 12. Let l be p(d). What is the greatest common factor of l and 1?
1
Let l = 3604 - 1996. What is the highest common divisor of l and 24?
24
Let o be (-8)/(-5) + (-2)/(-5) + 2. Suppose -16 = -3*m + 2*c, o*m = -c - 0*c + 14. Calculate the highest common divisor of 1 and m.
1
Let d(q) = -q**3 + 43*q**2 + 91*q - 27. Let i be d(45). What is the greatest common divisor of i and 66?
6
Suppose -2*i = -6*i + 1036. Suppose 5*q = 391 + i. Calculate the greatest common factor of q and 52.
26
Let u = -254 + 364. Suppose u = 5*x - k, -2*x - 5*k = 3*x - 80. Calculate the greatest common divisor of x and 7.
7
Let s(r) = -r**2 + 5*r - 1. Let o be s(6). Let l(c) = -c**2 - 9*c - 6. Let n be l(o). Calculate the greatest common divisor of n and 40.
8
Let u = 13 + 137. Let l = -371 + 401. What is the greatest common factor of u and l?
30
Let s be (-2 - -10) + (-8)/2. Let g be 4 - (3 - 76/s). Calculate the highest common divisor of g and 5.
5
Suppose -29*q = -24*q + 430. Let w = q - -124. Calculate the highest common divisor of 133 and w.
19
Let d(a) = -2*a**2. Let h be (3/3)/((-2)/4). Let s be d(h). Let u be (-12)/s*(-40)/(-2). Calculate the greatest common divisor of u and 5.
5
Let y(x) = x**2 - 11*x + 2. Let m be y(11). Let z be (11/2 - (-18 - -17))*m. Let f be 2*(-1 + 30/4). Calculate the highest common factor of z and f.
13
Suppose -82*v + 87*v = 40. Let z = 131 - 75. What is the highest common divisor of z and v?
8
Suppose -3*r + 118 = 2*u, r + 3*u - 37 = -0*r. Let s be (-3)/(-9) + r/15. What is the highest common factor of 33 and s?
3
Let v(g) = -g**2 + 5*g + 8. Let h be v(6). Suppose 5*t = h*t. Suppose 25 = 5*z - 4*c + 5*c, 2*z - 5*c - 10 = t. What is the greatest common factor of 25 and z?
5
Suppose 2*n + 5*m = 97, 2*n - 3*m - 119 + 46 = 0. Let r = n - -95. Let s be (-1 + (-30)/4)*-2. What is the greatest common divisor of s and r?
17
Suppose 0 = -t + 5*l + 60, -l + 5*l = -t + 87. Suppose -2*m + 7*m - t = 0. Suppose 12 = -p + 42. What is the greatest common divisor of p and m?
15
Suppose -142 = -2*l - 7*p, 4*l + l - 400 = 5*p. Calculate the greatest common factor of 1482 and l.
78
Suppose 18*s - 2 = 16*s. Suppose -3*h + 0 = -3. What is the highest common divisor of s and h?
1
Let m(k) = k - 41. Let g be m(19). Let j be 394/6 - g/66. What is the greatest common divisor of 6 and j?
6
Let x be 30*(58/10 - 5). Let n(m) = -m**3 - 6*m**2 + 6*m - 8. Let c be n(-8). Calculate the greatest common factor of c and x.
24
Let y be 11/(-2 - (-150)/72). Calculate the greatest common divisor of y and 330.
66
Let j = -84 - -86. Suppose u - r = 16, 0*u - 44 = -j*u + 5*r. Calculate the greatest common divisor of u and 60.
12
Let i be 7*7/((-343)/(-497)). What is the highest common divisor of 1136 and i?
71
Let y be ((-90)/8)/(60/(-160)). Calculate the highest common divisor of y and 570.
30
Suppose 0 = -3*u + 54*u - 5355. Calculate the greatest common divisor of u and 168.
21
Let h = 21 - 21. Suppose 3*q - 37 = -h*q - 4*y, -y + 4 = 0. Calculate the greatest common factor of q and 77.
7
Let d = 10 + -8. Suppose -d*j + 130 = -30. Calculate the greatest common divisor of j and 10.
10
Let t(r) = 25*r**3 + 2*r**2 - r + 3. Let h be t(2). Calculate the highest common divisor of h and 33.
11
Let p(t) = 6*t**2 - 2*t + 10. Let w be p(4). Calculate the greatest common divisor of w and 28.
14
Suppose 299 = 10*f - 61. Suppose 0 = y - 4*y + f. What is the highest common factor of 24 and y?
12
Let t(m) be the second derivative of -m**4/12 + m**3 - 7*m**2 + 8*m. Let w be t(4). Let c be 0 + w + 2 + 68. Calculate the highest common factor of c and 16.
16
Suppose -2*s = -3*s + 184. Suppose 5 = -4*u - 31. Let v be -3*1*69/u. Calculate the highest common divisor of s and v.
23
Suppose -u - 89 + 1 = 0. Let f = u + 184. Calculate the highest common divisor of 12 and f.
12
Let r(u) = 26*u**2 + 3*u + 3. Let l be r(-1). What is the greatest common factor of l and 143?
13
Let u = -287 - -719. What is the greatest common factor of 18 and u?
18
Let d(q) = 2*q**2 + q - 5. Let l be d(-11).